4?
-212032
Convert 112233 (base 6) to base 10.
9597
What is -2543 (base 9) in base 11?
-147a
Convert -10247 (base 8) to base 7.
-15300
What is -98 (base 10) in base 4?
-1202
6c1 (base 13) to base 15
531
What is -203 (base 15) in base 3?
-121210
Convert 12001001 (base 3) to base 12.
2161
Convert 1010001100 (base 2) to base 12.
464
Convert -10101000000 (base 2) to base 3.
-1211210
-2313 (base 8) to base 3
-1200110
What is -312 (base 6) in base 14?
-84
-e (base 15) to base 11
-13
What is -8088 (base 9) in base 12?
-3508
What is 1120121 (base 3) in base 5?
14100
Convert 1221001 (base 3) to base 7.
4045
-63c (base 13) to base 7
-3051
Convert 102031123 (base 4) to base 9.
123274
What is 2018 (base 11) in base 9?
3608
Convert -104024 (base 5) to base 4.
-320313
What is 231 (base 5) in base 12?
56
What is -10100110010101 (base 2) in base 10?
-10645
-654 (base 9) to base 7
-1363
-20111022 (base 3) to base 5
-122413
What is -1035 (base 9) in base 2?
-1011111001
Convert 1102 (base 14) to base 3.
11000222
-242 (base 7) to base 8
-200
What is 23311203 (base 4) in base 12?
24083
What is -35025 (base 6) in base 16?
-1379
d3 (base 15) to base 11
170
What is -2020200111 (base 3) in base 2?
-1010110011001111
-3424 (base 7) to base 4
-103123
47475 (base 9) to base 8
75773
-1104 (base 15) to base 11
-2787
199 (base 12) to base 14
149
Convert -18b4 (base 14) to base 3.
-20010120
-11001111101 (base 2) to base 5
-23121
What is 68626 (base 9) in base 13?
17a60
-1466 (base 10) to base 15
-67b
-13000 (base 5) to base 3
-1101001
Convert -83b (base 16) to base 11.
-1646
Convert -3211 (base 4) to base 9.
-274
What is 41042 (base 6) in base 12?
3182
Convert 34460 (base 7) to base 9.
13072
-2765 (base 9) to base 6
-13352
115000 (base 6) to base 8
23650
-1253 (base 13) to base 14
-d3d
What is 1311031 (base 4) in base 6?
54421
What is -1b61 (base 15) in base 2?
-1011100110101
What is 1c4a (base 16) in base 7?
30054
What is fc91 (base 16) in base 5?
4032112
34b3 (base 12) to base 8
13407
Convert -169 (base 13) to base 16.
-100
29027 (base 12) to base 16
dedf
Convert -334211 (base 7) to base 16.
-e6de
What is 276 (base 12) in base 3?
112000
-39a9 (base 11) to base 2
-1010001010001
Convert 9488 (base 15) to base 9.
47062
What is -13213 (base 4) in base 15?
-227
Convert -1000120 (base 3) to base 9.
-1016
-13331 (base 4) to base 12
-365
What is -1431121 (base 5) in base 14?
-adc5
Convert 116 (base 10) to base 7.
224
What is -25b (base 14) in base 5?
-3343
Convert -4305 (base 7) to base 12.
-a70
Convert -41a1 (base 11) to base 6.
-41420
2531 (base 7) to base 4
32321
Convert -2060 (base 9) to base 4.
-113220
-1243141 (base 5) to base 8
-60334
7402 (base 10) to base 15
22d7
1786 (base 11) to base 14
b84
366 (base 14) to base 16
2a6
-4b17 (base 14) to base 2
-11001101100001
What is c004 (base 16) in base 12?
24544
-413 (base 13) to base 2
-1010110100
What is -397 (base 11) in base 13?
-2a1
1110011110 (base 2) to base 4
32132
Convert -101201 (base 3) to base 14.
-169
What is -9682 (base 13) in base 4?
-11012131
What is -219 (base 16) in base 4?
-20121
Convert 7bb8 (base 12) to base 6.
143552
What is 1013 (base 4) in base 6?
155
Convert -101011110 (base 2) to base 5.
-2400
What is 1010110011 (base 2) in base 8?
1263
-109 (base 11) to base 15
-8a
2056 (base 8) to base 14
566
Convert 7ca5 (base 15) to base 12.
133a8
423a5 (base 11) to base 13
22116
What is 113413 (base 5) in base 3?
12210210
-44503 (base 7) to base 16
-2bd8
What is 100000101101111 (base 2) in base 9?
24872
What is -4a (base 16) in base 4?
-1022
Convert -5211 (base 6) to base 3.
-1120221
What is 10100000111 (base 2) in base 14?
67d
What is -ac66 (base 13) in base 2?
-101111000010010
What is 15b6 (base 12) in base 7?
10353
Convert -5241 (base 6) to base 9.
-1547
-467 (base 10) to base 7
-1235
Convert 32075 (base 8) to base 14.
4c33
38831 (base 11) to base 7
321010
1042240 (base 5) to base 9
27264
Convert 1100101000 (base 2) to base 5.
11213
-8b3b (base 15) to base 10
-29531
11120221 (base 3) to base 11
2572
Convert 111020222 (base 3) to base 6.
112425
Convert -2831 (base 16) to base 8.
-24061
What is 2770 (base 16) in base 7?
41302
What is 4cc1 (base 15) in base 3?
211110201
-11656 (base 9) to base 12
-4643
-13203 (base 5) to base 16
-41d
8460 (base 11) to base 14
411c
What is -2542 (base 10) in base 3?
-10111011
What is -413 (base 8) in base 7?
-531
74a (base 11) to base 12
631
Convert 1cdc (base 14) to base 10.
5290
Convert 3021 (base 5) to base 16.
182
What is -2657 (base 9) in base 14?
-a28
Convert -194 (base 13) to base 3.
-101202
What is -50242 (base 6) in base 3?
-100000122
What is -11001000001000 (base 2) in base 4?
-3020020
-10101001100 (base 2) to base 15
-606
-1756 (base 16) to base 2
-1011101010110
1332 (base 13) to base 9
3680
Convert 43a9 (base 11) to base 10.
5806
What is -93b1 (base 13) in base 16?
-4fc8
What is -1388 (base 9) in base 7?
-3032
Convert 411 (base 11) to base 9.
611
Convert 1aa5 (base 11) to base 7.
10513
-1c32 (base 13) to base 14
-17aa
Convert 145461 (base 7) to base 9.
42816
What is 12811 (base 10) in base 11?
9697
Convert -313 (base 4) to base 13.
-43
-1001010100110 (base 2) to base 13
-2233
Convert -711 (base 14) to base 4.
-111223
Convert -7c6 (base 14) to base 7.
-4336
What is e98 (base 16) in base 11?
2897
Convert -13113 (base 10) to base 3.
-122222200
What is -32603 (base 9) in base 16?
-547e
What is 344 (base 13) in base 10?
563
What is -4c4 (base 14) in base 3?
-1022102
What is 1537 (base 8) in base 13?
515
-15152 (base 6) to base 10
-2444
100111100100 (base 2) to base 15
b3c
Convert -1015014 (base 6) to base 14.
-13c30
What is 154621 (base 8) in base 10?
55697
14768 (base 13) to base 7
220406
-1233222 (base 4) to base 14
-2866
Convert -5c9 (base 16) to base 10.
-1481
61643 (base 8) to base 13
b7c1
Convert 24513 (base 6) to base 15.
1130
-6231 (base 15) to base 2
-101000100001010
What is 1113103 (base 4) in base 10?
5587
Convert 10 (base 16) to base 13.
13
416 (base 10) to base 14
21a
What is -121121 (base 3) in base 5?
-3243
What is 1101101000 (base 2) in base 10?
872
What is -2654 (base 11) in base 10?
-3447
Convert 10636 (base 9) to base 4.
1232220
Convert 3611 (base 13) to base 11.
57a7
-2113322 (base 4) to base 8
-22772
Convert 2031 (base 4) to base 6.
353
103550 (base 6) to base 7
34113
Convert 3221100 (base 5) to base 3.
2202210110
What is -59b (base 16) in base 14?
-747
Convert -181aa (base 13) to base 14.
-12cd8
Convert -34174 (base 10) to base 5.
-2043144
-1a323 (base 11) to base 15
-85e4
What is -1336 (base 11) in base 10?
-1733
Convert 13403 (base 5) to base 12.
77b
-3246 (base 8) to base 4
-122212
What is 10a3 (base 11) in base 14?
752
2161 (base 8) to base 16
471
What is 24727 (base 8) in base 7?
43141
Convert -2003 (base 4) to base 12.
-ab
-201110 (base 3) to base 6
-2233
What is -7971 (base 10) in base 5?
-223341
What is 205403 (base 6) in base 7?
66630
Convert 10001110001 (base 2) to base 12.
7a9
-552045 (base 6) to base 11
-31476
Convert -101013122 (base 4) to base 2.
-10001000111011010
Convert -2093 (base 15) to base 2.
-1101011101000
-a7e (base 15) to base 8
-4501
What is c3 (base 14) in base 11?
146
What is -1267 (base 16) in base 9?
-6414
What is 2988 (base 11) in base 3?
12021111
1011101100010 (base 2) to base 7
23311
2350 (base 6) to base 11
479
Convert 4736 (base 8) to base 4.
213132
2d4d (base 15) to base 6
113044
What is -5954 (base 10) in base 12?
-3542
Convert 10001011111 (base 2) to base 15.
4e9
Convert -143022 (base 6) to base 12.
-7a72
-14200 (base 6) to base 4
-202320
Convert -53b (base 12) to base 14.
-3cb
410 (base 8) to base 15
129
What is -37449 (base 11) in base 12?
-27155
1012020120 (base 3) to base 8
55721
-301012 (base 4) to base 14
-1206
-307 (base 15) to base 10
-682
-a57 (base 11) to base 4
-103320
What is -806 (base 12) in base 9?
-1526
Convert 211010220 (base 3) to base 16.
3f0f
Convert -6675 (base 9) to base 7.
-20240
72 (base 14) to base 6
244
What is -608 (base 11) in base 9?
-1005
What is -3521 (base 6) in base 8?
-1511
What is -10ca (base 15) in base 9?
-4801
Convert -1100111100100000 (base 2) to base 16.
-cf20
-313 (base 10) to base 5
-2223
What is -48a7 (base 12) in base 4?
-1333333
What is -62aa (base 11) in base 7?
-33224
Co